nds digit of 1141711?
1
What is the units digit of 227055?
5
What is the hundred thousands digit of 795668?
7
What is the thousands digit of 403267?
3
What is the hundreds digit of 258641?
6
What is the thousands digit of 202006?
2
What is the hundreds digit of 336831?
8
What is the ten thousands digit of 125329?
2
What is the hundreds digit of 8796932?
9
What is the hundreds digit of 741405?
4
What is the ten millions digit of 13335735?
1
What is the thousands digit of 3329179?
9
What is the units digit of 269497?
7
What is the units digit of 45074?
4
What is the thousands digit of 3776734?
6
What is the hundreds digit of 373691?
6
What is the units digit of 536001?
1
What is the thousands digit of 117781?
7
What is the units digit of 319406?
6
What is the units digit of 232819?
9
What is the ten thousands digit of 751533?
5
What is the hundred thousands digit of 415389?
4
What is the tens digit of 271282?
8
What is the hundred thousands digit of 4144966?
1
What is the ten thousands digit of 6117840?
1
What is the ten thousands digit of 13561035?
6
What is the tens digit of 207831?
3
What is the hundred thousands digit of 9836318?
8
What is the tens digit of 133251?
5
What is the ten thousands digit of 968447?
6
What is the tens digit of 10920172?
7
What is the hundred thousands digit of 1728032?
7
What is the tens digit of 44263?
6
What is the units digit of 2233096?
6
What is the thousands digit of 1751340?
1
What is the thousands digit of 168389?
8
What is the thousands digit of 1546075?
6
What is the units digit of 18263?
3
What is the hundred thousands digit of 6439064?
4
What is the ten thousands digit of 481306?
8
What is the millions digit of 2121931?
2
What is the hundred thousands digit of 132552?
1
What is the tens digit of 10008787?
8
What is the units digit of 5360554?
4
What is the hundred thousands digit of 307755?
3
What is the tens digit of 19617599?
9
What is the thousands digit of 237498?
7
What is the hundreds digit of 108870?
8
What is the thousands digit of 1113276?
3
What is the tens digit of 7562946?
4
What is the tens digit of 284437?
3
What is the ten thousands digit of 520000?
2
What is the units digit of 371405?
5
What is the thousands digit of 128516?
8
What is the units digit of 249231?
1
What is the hundreds digit of 109831?
8
What is the tens digit of 3055558?
5
What is the millions digit of 1091225?
1
What is the hundred thousands digit of 7101136?
1
What is the tens digit of 69495?
9
What is the hundred thousands digit of 298351?
2
What is the thousands digit of 7781685?
1
What is the tens digit of 108461?
6
What is the thousands digit of 13945106?
5
What is the tens digit of 106772?
7
What is the tens digit of 20181705?
0
What is the tens digit of 22171?
7
What is the hundred thousands digit of 1787751?
7
What is the ten thousands digit of 4474865?
7
What is the thousands digit of 191580?
1
What is the tens digit of 1456005?
0
What is the tens digit of 1945189?
8
What is the millions digit of 4707721?
4
What is the thousands digit of 149995?
9
What is the hundred thousands digit of 913666?
9
What is the tens digit of 250030?
3
What is the hundred thousands digit of 287422?
2
What is the tens digit of 7669?
6
What is the ten thousands digit of 779420?
7
What is the tens digit of 272583?
8
What is the tens digit of 445835?
3
What is the tens digit of 1375698?
9
What is the tens digit of 715457?
5
What is the millions digit of 8200445?
8
What is the units digit of 2502614?
4
What is the thousands digit of 101058?
1
What is the units digit of 1263382?
2
What is the thousands digit of 847000?
7
What is the tens digit of 222905?
0
What is the thousands digit of 1020969?
0
What is the hundreds digit of 1054383?
3
What is the tens digit of 515203?
0
What is the ten thousands digit of 502384?
0
What is the ten thousands digit of 645213?
4
What is the tens digit of 212747?
4
What is the hundreds digit of 2078697?
6
What is the ten thousands digit of 1077890?
7
What is the ten thousands digit of 220907?
2
What is the hundreds digit of 145?
1
What is the hundred thousands digit of 6462589?
4
What is the hundred thousands digit of 370375?
3
What is the hundreds digit of 254941?
9
What is the hundred thousands digit of 254337?
2
What is the tens digit of 1285380?
8
What is the hundreds digit of 455863?
8
What is the units digit of 30368?
8
What is the ten thousands digit of 6909888?
0
What is the tens digit of 188697?
9
What is the units digit of 1049552?
2
What is the ten thousands digit of 417569?
1
What is the tens digit of 28398464?
6
What is the millions digit of 5180451?
5
What is the hundreds digit of 544578?
5
What is the hundred thousands digit of 675529?
6
What is the thousands digit of 1436526?
6
What is the hundred thousands digit of 5160276?
1
What is the hundred thousands digit of 258282?
2
What is the hundred thousands digit of 4182856?
1
What is the tens digit of 96559?
5
What is the tens digit of 733503?
0
What is the thousands digit of 3468953?
8
What is the ten thousands digit of 5891988?
9
What is the tens digit of 343140?
4
What is the hundreds digit of 11474435?
4
What is the ten thousands digit of 133280?
3
What is the hundreds digit of 4047300?
3
What is the tens digit of 1303588?
8
What is the hundreds digit of 168924?
9
What is the thousands digit of 896993?
6
What is the hundred thousands digit of 1822500?
8
What is the hundred thousands digit of 2427148?
4
What is the thousands digit of 18333647?
3
What is the ten thousands digit of 266411?
6
What is the ten thousands digit of 549931?
4
What is the millions digit of 2787112?
2
What is the hundred thousands digit of 2103079?
1
What is the tens digit of 2351514?
1
What is the millions digit of 7872140?
7
What is the ten thousands digit of 2271624?
7
What is the millions digit of 6592787?
6
What is the units digit of 466357?
7
What is the units digit of 1568359?
9
What is the thousands digit of 305547?
5
What is the ten thousands digit of 551679?
5
What is the hundred thousands digit of 4999790?
9
What is the tens digit of 2143396?
9
What is the units digit of 143256?
6
What is the millions digit of 5969620?
5
What is the hundreds digit of 2131268?
2
What is the tens digit of 135204?
0
What is the hundred thousands digit of 166280?
1
What is the units digit of 81933?
3
What is the ten thousands digit of 47283?
4
What is the tens digit of 975688?
8
What is the tens digit of 479574?
7
What is the tens digit of 3540002?
0
What is the hundreds digit of 1294693?
6
What is the tens digit of 557241?
4
What is the thousands digit of 239861?
9
What is the thousands digit of 4435552?
5
What is the thousands digit of 285032?
5
What is the hundred thousands digit of 4045431?
0
What is the hundreds digit of 55271?
2
What is the units digit of 324389?
9
What is the units digit of 12509324?
4
What is the ten thousands digit of 110468?
1
What is the units digit of 1700669?
9
What is the hundred thousands digit of 104758?
1
What is the ten thousands digit of 13428?
1
What is the hundred thousands digit of 4636444?
6
What is the hundred thousands digit of 216113?
2
What is the tens digit of 264114?
1
What is the ten thousands digit of 229985?
2
What is the hundred thousands digit of 1473465?
4
What is the tens digit of 3710792?
9
What is the ten thousands digit of 2923479?
2
What is the tens digit of 635320?
2
What is the tens digit of 478022?
2
What is the units digit of 188822?
2
What is the tens digit of 62532?
3
What is the thousands digit of 3269406?
9
What is the hundreds digit of 6495820?
8
What is the ten thousands digit of 6756594?
5
What is the hundreds digit of 24200189?
1
What is the ten thousands digit of 67340?
6
What is the tens digit of 132610?
1
What is the hundred thousands digit of 1524141?
5
What is the tens digit of 2785608?
0
What is the thousands digit of 1362872?
2
What is the units digit of 588224?
4
What is the hundreds digit of 77578?
5
What is the hundred thousands digit of 16181043?
1
What is the ten thousands digit of 22321?
2
What is the thousands digit of 249727?
9
What is the ten millions digit of 10248686?
1
What is the hundreds digit of 1061574?
5
What is the hundreds digit of 1542618?
6
What is the thousands digit of 202181?